*r + 2*v - 6*v. Suppose 0 = -3*c - 5 + r. What is the units digit of c?
8
Let n be -1*(-2 - (0 - 1)). Suppose 9 + n = 5*o. Suppose -12 = -o*r - 2*r. What is the units digit of r?
3
Let v(g) = -g**2 - 4*g - 1. Let z be v(-2). Suppose 2 = z*a - 1. What is the units digit of a?
1
What is the hundreds digit of -1*136*-1 - 4?
1
Suppose 6*v - v + 30 = 0. Let u = 9 - v. What is the tens digit of u?
1
Let q(g) = -g - 1 + 4*g**2 - 2*g + 0*g**2 - 2*g**2. Let x be q(3). Suppose -y + 4 = -x. What is the tens digit of y?
1
Let l = 9 - 6. Let j be (-2)/(-2) - 0 - 3. What is the units digit of (j/6)/(l/(-81))?
9
Let w(k) be the first derivative of k**5/30 + k**4/12 - k**2/2 + 2. Let x(i) be the second derivative of w(i). What is the units digit of x(-2)?
4
Suppose 4*p + 4 = -2*h + 90, -5*h - 5*p = -200. What is the units digit of h?
7
What is the tens digit of 89/3 + 12/(-18)?
2
Let x = 3 - -8. Suppose 0 = d + l - 4, 3*d - l = -d + x. What is the units digit of d?
3
Suppose 0 = -7*m + 2*m + 20. Suppose -a + 3*a - m = 0. Suppose 2*v - a - 2 = 0. What is the units digit of v?
2
Suppose -2 = u - 20. Let d = 34 - u. What is the units digit of d?
6
Suppose -3*p - 2*b + 234 = 0, 5*b = -3*p - 0*b + 234. Let c be p/(-21) + (-2)/7. Let k = -1 - c. What is the units digit of k?
3
Let m = -7 - -4. What is the tens digit of m*42/(-27)*3?
1
Suppose 108 = 4*b - 0*b. Let a = b + 41. Suppose 3*j = -4*c + 44, 4*c = -4*j - j + a. What is the units digit of j?
2
Let h be (-4)/(-1)*(-7)/(-4). Let o = 5 - h. What is the units digit of ((-2)/4)/(o/4)?
1
Let a = -357 + 616. What is the units digit of a?
9
Suppose 23*b = 22*b + 72. What is the units digit of b?
2
Let q = 35 - 13. Let y be (-4)/q - (-57)/11. Suppose 0 = -2*m + 3*m - y. What is the units digit of m?
5
What is the tens digit of (-3 + 5 + -1)/((-2)/(-134))?
6
Suppose 0 = 3*d + 1 + 5. Let x(m) = -m**2 - m + 1. Let n be x(d). What is the units digit of (n + -13)*3/(-6)?
7
Let x(w) = -5*w - 14. Let t(d) = 5*d + 13. Let z(f) = 6*t(f) + 5*x(f). Let b(p) = 11*p + 17. Let l(y) = 3*b(y) - 7*z(y). What is the units digit of l(-6)?
7
Let h be -1 + 1 - (-2 + -1). Let n = 4 - h. What is the units digit of 5*(-2 + 4 - n)?
5
Suppose -3*u - w + 35 = -u, -3*w - 71 = -5*u. What is the tens digit of u?
1
Let g be (0/(3/3))/2. Let o be -3*(g - 4/(-6)). What is the units digit of 1 - (-7 - 1*o)?
6
Suppose -f = f - 10. Suppose 0 = f*k - 4*x - 7685, 4*x - 3285 = -5*k + 4360. What is the tens digit of k/91 + 2/13?
1
Suppose 468 = 7*z - 120. What is the units digit of z?
4
What is the units digit of 5*25 + (-2 - 1) + 0?
2
Suppose 49 = -4*b + 5. Let z = 15 + b. Suppose -g + o + 101 = 4*g, z*g - 4*o - 68 = 0. What is the units digit of g?
1
Suppose -5*q - 30 = 15. Let x = -12 + 6. What is the units digit of x/q*12 + -1?
7
Let c be 1/4 - (-174)/8. Suppose -3*z = -p - 6*z + c, 0 = -5*p - 4*z + 66. What is the units digit of p?
0
Suppose -4*n - 532 = -6*n. What is the tens digit of n?
6
Let l(h) = 23*h**3 + 2*h**2 - 1. What is the tens digit of l(1)?
2
Let h be (-2)/(-5) - (-86)/10. Suppose -2*y + 8 = -j + 3*y, -16 = -4*j - 4*y. Suppose -j*d + h = -1. What is the units digit of d?
5
Let f(z) = -4*z + 5*z + 0*z. Let r be f(2). Suppose 2*t - r = -0*t. What is the units digit of t?
1
Suppose -4*n - 15 = n. Let y = 3 + n. What is the units digit of -1*(y + 1) - -3?
2
Suppose -17*j = -20*j + 123. What is the units digit of j?
1
Let f be 12/9*1*-3. Let t(l) = 3*l + 5*l + 0*l**2 - 4*l + l**2 + 5. What is the units digit of t(f)?
5
Suppose -2*d + 5*p = -83, 4*d - 142 = 2*p - 0*p. Let t = d - 14. Suppose t = -0*j + 2*j. What is the units digit of j?
0
Let d(n) = -n**3 - 8*n**2 - n - 10. Let x be d(-8). Let w = 1 - -1. What is the units digit of 5 + x/(w/(-1))?
6
Let t = -142 + 217. Suppose x - 6*x - 3*m = -125, -3*x - 3*m = -t. What is the units digit of x?
5
Suppose -h = -5*v + 80 + 27, -4*h = 2*v - 34. Suppose -2*n - 3*g = -v, 0 = -2*n - g + 5*g. What is the units digit of n?
6
Let v = 0 + -6. Let l(x) = x**2 + 5*x - 1. Let y be l(v). Let m = y + -1. What is the units digit of m?
4
Let w(k) = 2*k**2 - k**3 + 6*k - 5 + 7 - 3*k. Let n be w(3). Suppose y + 1 = -5*f - 3, n*f = -3*y + 14. What is the units digit of y?
6
Let q(l) = -l**3 - 5*l**2 - 5*l. Let a be q(-4). Suppose 4 - 20 = a*d. Let m = 10 + d. What is the units digit of m?
6
Let v(c) = 3*c**2 + c - 1. Let t be v(1). Suppose -20 = -5*l, -2*q = t*l - 1 - 11. Suppose q*a + 22 = a. What is the tens digit of a?
2
Suppose -z - 4*z + 10 = 0. Let d be (-4)/6*(-84)/2. Suppose -z*t + d = 4*h + 2*t, -17 = 4*h - 5*t. What is the units digit of h?
2
Let x = 2 - 0. Suppose i - 39 - 1 = 0. Suppose -x*z + 6*z - i = 0. What is the units digit of z?
0
Let t(k) = -5*k**2 + 3. Let y be t(-3). What is the tens digit of (-7)/y - (-166)/12?
1
Suppose -59 = -p - 10. Suppose 3*a - p - 2 = 0. What is the units digit of a?
7
Let a(l) = -2*l**2 + 3*l. Let z be a(2). Let k = 0 - z. What is the units digit of k?
2
Let y be 5/(-25) + 1/5. Suppose -u - 5*c = -60, -c = -5*u - y*c + 378. Suppose 7*f = 3*f - r + 63, -4*f + u = 5*r. What is the tens digit of f?
1
Let y be 0 + 5 + -2 + 1. Suppose -16 = -4*p + z, p + z = -2*z + y. Suppose 2*v - 48 = -p*n - 14, 28 = 4*n + 4*v. What is the tens digit of n?
1
What is the tens digit of 1 + 1 + -7 + 165?
6
Let l(m) = 3*m**2 - m + 12. What is the units digit of l(6)?
4
Suppose -2*f - 154 = -2*v, -f - v = 2*f + 219. Let b = f + 105. What is the tens digit of b?
3
Suppose -4*j - 5*s = -362, -2*j - 2*j + s = -350. What is the units digit of j?
8
Let z(y) = y - 9. Let l be z(8). What is the units digit of (-476)/(-14) + 0/l?
4
Suppose n + 2*m - 17 = 0, -m = 5*n - 2*m - 107. Let j = -7 + n. What is the units digit of j?
4
What is the tens digit of 2/(-12)*4 - 155/(-3)?
5
Let f = -3 + 6. Let u be (-2)/(-2*f/12). Suppose -4*b = 5*k - 40, -2*b + k = -u*b + 14. What is the units digit of b?
5
Suppose 1 = 5*m + 2*n - 5*n, 4*n - 6 = 3*m. Let o be m/2 - -1 - -2. Let x(h) = h - 1. What is the units digit of x(o)?
3
Let n = -54 + 100. What is the units digit of n?
6
What is the units digit of ((-1)/(-4))/(4/112)?
7
Let d be (-2)/(-8) - 762/(-24). Suppose -3*t + 8 = 5*k, -2*t + 4*t - d = 2*k. What is the units digit of t?
1
Let b be (-4)/18 - 119/(-9). Let j(q) = -q**2 + 12*q + 13. Let t be j(b). Let w(x) = -x + 4. What is the units digit of w(t)?
4
What is the tens digit of 100/6 + 10/(-15)?
1
What is the tens digit of (-4*(-2)/4)/(4/22)?
1
Suppose 7 + 30 = g. What is the tens digit of g?
3
Suppose 2*k + 128 = 3*k. Suppose -4*b = 4*q - k, 4*b - q + 0*q = 138. What is the tens digit of b?
3
Let b be 90/11 + (-6)/33. Let f(g) = -g**3 + 9*g**2 - 3*g + 15. What is the tens digit of f(b)?
5
Let c be 152/(-20) - 2/5. Let w(p) = p**2 + 5*p - 6. What is the units digit of w(c)?
8
Let x = -4 - -7. Let b be (9/6 - 1)*18. Suppose b = 4*g + x*o, 3*g = g - 2*o + 4. What is the units digit of g?
3
Let m = -7 - -12. Suppose y = 2*a - 8 - 7, 3*a - m = -2*y. Suppose 0*u - 16 = -u - 2*q, -2*q = a*u - 40. What is the units digit of u?
6
Let a = -324 - -497. What is the units digit of a?
3
Suppose -4*d = d + 4*p - 227, 5*p - 84 = -2*d. What is the units digit of d?
7
Let b be ((-1)/(-2))/(1/(-2)). Let r be b/(-4) + (-25)/4. Let a(o) = -o**2 - 7*o + 1. What is the units digit of a(r)?
7
Suppose 3*g = 3*r + 147, -2*g - 4*r + 0*r + 98 = 0. What is the units digit of g?
9
Let s = -1 - -6. Suppose 0 = -s*z - 10, 0 = -2*p + z + 4*z + 14. Suppose -5*f + 13 = 3*q, -p*q - 4*f = -4*q - 6. What is the units digit of q?
1
Suppose -2*l - 6 = -0*l. Suppose 4*i + 11 = 5*i. Let x = i + l. What is the units digit of x?
8
Let f(q) = -q**3 - 2*q**2 - 4*q - 3. Let s be f(-2). Suppose -19 = -p - 4*r + s*r, -r = 5*p - 71. What is the tens digit of p?
1
Suppose -2*d - 2*d + 420 = 0. What is the tens digit of d?
0
Suppose s = -3*d, 5*d = -3*s + 4*s. What is the units digit of (3 - d - 5) + 8?
6
Suppose n = -5*p + 7 + 26, 3*p - 121 = -5*n. Suppose 2*l = x - 22, 0 = 4*x - 2*l + 7*l - n. What is the units digit of 1 - (-4)/(x/9)?
4
Suppose 0 = -x - 0*x + 7. Let z(n) = n**3 + 3*n**2 + 4*n + 3. Let b be z(-2). Let i = x + b. What is the units digit of i?
6
Let s = -84 + 182. What is the tens digit of s?
9
Let t = 13 - 15. What is the tens digit of